, 307, 235273
What are the prime factors of 8451836?
2, 37, 57107
List the prime factors of 416555314.
2, 7, 3989, 7459
List the prime factors of 224887419.
3, 41, 61, 97, 103
What are the prime factors of 1562947296?
2, 3, 19, 113, 7583
List the prime factors of 733124737.
59, 1657, 7499
List the prime factors of 107242509.
3, 11, 691, 4703
What are the prime factors of 112393916?
2, 23, 43, 28411
What are the prime factors of 623827492?
2, 109, 1430797
List the prime factors of 83793839.
83793839
List the prime factors of 128556543.
3, 42852181
What are the prime factors of 39597358?
2, 19798679
What are the prime factors of 3929688?
2, 3, 7, 23, 113
List the prime factors of 4765524079.
4765524079
What are the prime factors of 85897657?
85897657
List the prime factors of 8994080.
2, 5, 67, 839
List the prime factors of 26388710.
2, 5, 281, 9391
List the prime factors of 27637320.
2, 3, 5, 230311
What are the prime factors of 1971071167?
13, 11663143
What are the prime factors of 11370270?
2, 3, 5, 379009
What are the prime factors of 221568525?
3, 5, 984749
What are the prime factors of 72674221?
19, 1831, 2089
List the prime factors of 1892375889.
3, 19, 29, 773, 1481
What are the prime factors of 803861614?
2, 19, 29, 729457
List the prime factors of 460063489.
3121, 147409
List the prime factors of 63347404.
2, 37, 428023
List the prime factors of 7760213251.
7, 1381, 114679
What are the prime factors of 124029577?
7, 3019, 5869
What are the prime factors of 141807754?
2, 11, 19, 37, 53, 173
List the prime factors of 377785239.
3, 13, 151, 64151
List the prime factors of 1834451972.
2, 97, 4727969
List the prime factors of 40345416.
2, 3, 560353
List the prime factors of 159523009.
23, 191, 36313
List the prime factors of 2432216924.
2, 41, 79, 227, 827
What are the prime factors of 64872993?
3, 21624331
What are the prime factors of 135692191?
2693, 50387
List the prime factors of 1999690.
2, 5, 7, 11, 53
List the prime factors of 73405898.
2, 17, 227, 9511
What are the prime factors of 278557406?
2, 461, 302123
What are the prime factors of 4442493428?
2, 1110623357
What are the prime factors of 1490111465?
5, 23, 43, 541, 557
What are the prime factors of 11236569?
3, 853, 4391
What are the prime factors of 170762230?
2, 5, 67, 254869
List the prime factors of 52020729.
3, 1123, 5147
List the prime factors of 17033444.
2, 4258361
List the prime factors of 169191083.
71, 33563
What are the prime factors of 974233773?
3, 17, 389, 16369
List the prime factors of 158406596.
2, 359, 110311
List the prime factors of 111564150.
2, 3, 5, 701, 1061
What are the prime factors of 22216364?
2, 101, 127, 433
What are the prime factors of 2113983341?
31, 68193011
What are the prime factors of 72471679?
7, 10353097
What are the prime factors of 305729663?
5639, 54217
What are the prime factors of 32309869?
32309869
List the prime factors of 1063409278.
2, 23, 53, 436181
What are the prime factors of 1486919733?
3, 13, 251, 151897
List the prime factors of 71401956.
2, 3, 107, 55609
List the prime factors of 130292482.
2, 6113, 10657
List the prime factors of 396984024.
2, 3, 19, 96731
List the prime factors of 15475770.
2, 3, 5, 373, 461
What are the prime factors of 809069145?
3, 5, 271, 199033
What are the prime factors of 161450333?
11, 41, 357983
List the prime factors of 14990484.
2, 3, 31, 59, 683
What are the prime factors of 52737921?
3, 29, 202061
What are the prime factors of 991843946?
2, 31, 89, 173, 1039
List the prime factors of 6813272906.
2, 11, 14173, 21851
List the prime factors of 1396603847.
31, 45051737
What are the prime factors of 426617744?
2, 7, 131, 29077
What are the prime factors of 762670622?
2, 7, 719, 75767
What are the prime factors of 475999344?
2, 3, 107, 30893
List the prime factors of 39663657.
3, 11, 400643
List the prime factors of 6314321473.
53, 119138141
List the prime factors of 77310847.
77310847
List the prime factors of 41606420.
2, 5, 2080321
What are the prime factors of 636354300?
2, 3, 5, 2121181
What are the prime factors of 140341306?
2, 7, 10024379
What are the prime factors of 798694?
2, 13, 17, 139
List the prime factors of 2409227327.
13, 109, 130787
List the prime factors of 2062590720.
2, 3, 5, 537133
What are the prime factors of 24116834?
2, 7, 23, 74897
What are the prime factors of 682059123?
3, 8420483
What are the prime factors of 73780544?
2, 17, 3989
List the prime factors of 1096399722.
2, 3, 11, 89, 186653
List the prime factors of 28183720.
2, 5, 704593
List the prime factors of 802587710.
2, 5, 41, 109, 17959
List the prime factors of 34710403.
7, 13, 37, 61
List the prime factors of 1728633053.
7, 19, 701, 18541
What are the prime factors of 69302081?
17, 31, 107, 1229
What are the prime factors of 878566255?
5, 7, 1657, 15149
List the prime factors of 121400553.
3, 17, 61, 39023
List the prime factors of 1453769512.
2, 13, 1553, 9001
List the prime factors of 461975537.
18371, 25147
List the prime factors of 3468063769.
397, 8735677
What are the prime factors of 314001874?
2, 157000937
What are the prime factors of 1573321937?
11, 3407, 41981
What are the prime factors of 106168955?
5, 31, 684961
What are the prime factors of 113626364?
2, 28406591
What are the prime factors of 159221716?
2, 29, 337, 4073
What are the prime factors of 31448883?
3, 127, 197, 419
List the prime factors of 103218936.
2, 3, 4300789
List the prime factors of 127310210.
2, 5, 2707, 4703
What are the prime factors of 1317524736?
2, 3, 11, 83, 1879
List the prime factors of 587098894.
2, 31, 9469337
List the prime factors of 197511039.
3, 11, 1995061
What are the prime factors of 863415237?
3, 137, 709, 2963
What are the prime factors of 109844637?
3, 7, 503, 10399
What are the prime factors of 5540285845?
5, 71, 219809
List the prime factors of 1021876.
2, 255469
List the prime factors of 38569397.
41, 347, 2711
List the prime factors of 94552822.
2, 7, 13, 519521
List the prime factors of 536127677.
23, 1381, 16879
What are the prime factors of 57841164?
2, 3, 31, 51829
What are the prime factors of 271379209?
9587, 28307
List the prime factors of 173033881.
61, 2836621
What are the prime factors of 956747466?
2, 3, 53152637
List the prime factors of 215684636.
2, 173, 311683
What are the prime factors of 23455949?
11, 2132359
What are the prime factors of 3719776?
2, 116243
List the prime factors of 28232313.
3, 41, 89, 2579
List the prime factors of 223062233.
37, 367, 16427
List the prime factors of 289148553.
3, 3643, 8819
List the prime factors of 241574946.
2, 3, 43, 491, 1907
What are the prime factors of 5480367?
3, 331, 5519
What are the prime factors of 5330930106?
2, 3, 888488351
What are the prime factors of 162326625?
3, 5, 17, 25463
What are the prime factors of 862093702?
2, 431046851
What are the prime factors of 2711020654?
2, 1355510327
What are the prime factors of 576369?
3, 21347
What are the prime factors of 2230700028?
2, 3, 185891669
List the prime factors of 2682289865.
5, 61, 8794393
What are the prime factors of 1772715155?
5, 41, 8647391
List the prime factors of 825185533.
47, 17557139
What are the prime factors of 1601907168?
2, 3, 139, 120047
What are the prime factors of 4478910?
2, 3, 5, 149297
List the prime factors of 300894866.
2, 17, 31, 9209
List the prime factors of 457841289.
3, 23, 421, 15761
List the prime factors of 21661968.
2, 3, 59, 7649
What are the prime factors of 57842082?
2, 3, 1063, 3023
List the prime factors of 292541569.
4943, 59183
What are the prime factors of 351622763?
351622763
What are the prime factors of 396897087?
3, 701, 188729
List the prime factors of 259367865.
3, 5, 17291191
What are the prime factors of 368029576?
2, 211, 263, 829
List the prime factors of 1252820075.
5, 13, 127, 239
List the prime factors of 1523275056.
2, 3, 307, 34457
List the prime factors of 55324995.
3, 5, 11, 331, 1013
List the prime factors of 201276653.
131, 593, 2591
What are the prime factors of 298009488?
2, 3, 7, 79, 103, 109
List the prime factors of 31088206.
2, 17, 914359
List the prime factors of 4519061.
41, 110221
What are the prime factors of 43225778?
2, 101, 213989
What are the prime factors of 6335830849?
77549, 81701
What are the prime fa